?
True
Let z(b) = 26162*b**2 + 33*b + 1. Is z(3) a prime number?
False
Suppose 0*d - 5*d = -4670. Let n(b) = 4*b + 20. Let y be n(-6). Is (y/(-4))/(1*2/d) a composite number?
False
Let t(w) be the first derivative of 4*w**3 + 25*w**2 - 69*w + 236. Is t(-16) prime?
True
Let r be -1 + (-11)/(-9) - 867295/(-117). Suppose 103*f + r = 106*f. Is f composite?
True
Let g(a) = 89*a**3 - 2*a**2 - 3*a + 14. Let q be g(4). Is q/(-5)*(1 - (-42)/(-12)) a composite number?
False
Let o(h) = h**3 + h**2 - 23*h**2 + 0*h**3 + 7*h + 2*h**3 + 13. Let y be o(21). Suppose -3*d + 3*q + y = 2*d, -10933 = -3*d - 4*q. Is d composite?
True
Let s(v) = 7*v - 11. Let c(x) = -6*x + 10. Let n(y) = -6*c(y) - 5*s(y). Let k be n(8). Suppose -a - k*m + 9 = 0, 9*m + 70 = 4*a + 4*m. Is a prime?
False
Let r = 430 + -431. Let n(i) = 7484*i**2 + 6*i - 1. Is n(r) composite?
False
Let j = -193264 + 415107. Is j a prime number?
False
Let s be ((-6)/8)/(-1) - 3120/64. Let x = -45 - -126. Let b = s + x. Is b prime?
False
Let t = -8 + 2. Let o be ((-2)/6)/((-2)/t). Is -1 - 30*(o - 3) a prime number?
False
Is -21*(-46)/6279 + (-2)/(26/(-1062033)) a prime number?
False
Let d be (18/15)/((-12)/(-90)). Let o = 14 - d. Suppose -o*b + 2*b = -4233. Is b prime?
False
Suppose 2*g - 6*c = -3*c - 61, 4*c = g + 43. Let d = g + 27. Suppose -d*p = -3*h + 5351, 3*p - 5*p - 1785 = -h. Is h a prime number?
False
Let l = -474 - -807. Suppose -284*f = -275*f - l. Is f a composite number?
False
Let j(z) = 145*z - 5. Let t be j(-8). Let r = -449 - t. Is (r/10)/((-4)/(-20)) a prime number?
False
Let s = 121 - 121. Let p(j) = j**3 + 10*j + 673. Is p(s) a composite number?
False
Let q = 471 - 283. Suppose -i = -3*t + 31 + q, -2*t + 151 = i. Suppose 0 = 69*y - t*y + 745. Is y prime?
True
Let o be 1 + ((-7)/6 - -1)*-6. Suppose 0*s - 16 = -o*s. Is (17/2)/(s/656) prime?
False
Let u(m) = -385*m - 4. Let j be ((-45)/(-1) + -3)*(-3)/(-9). Suppose -5*y - j = -g, -3*y + y - 5*g = 11. Is u(y) a prime number?
True
Let u be 93/31 - (-1 + (-1 - -1)). Suppose u*j - 18176 = -4*j. Suppose -935 = -3*l + j. Is l composite?
False
Is (5 - -4089 - 3)/((-10)/(-370)) composite?
True
Is 4/(-2) - 84505/(-2)*468/130 a prime number?
False
Let w = -426 - -684. Let x = 88 - w. Let a = -85 - x. Is a a prime number?
False
Suppose 0 = 4*x + 5*h - 27, 0 = -4*h - 0 + 12. Suppose x*m = 2*t + 16157, 4*m - 12914 = -4*t + 8662. Is m a prime number?
False
Let q = 227 - 221. Suppose 4 = -l, 4*c - 4*l - 2640 = -q*l. Is c a prime number?
False
Suppose -9 = 13*x - 10*x, x = 5*c - 538208. Is c a composite number?
False
Suppose 428*f = 421*f + 233674. Is f a prime number?
False
Suppose 3*q + 274854 = 3*s, 312*s + 5*q = 314*s - 183239. Is s a prime number?
False
Let s(y) = -14292*y - 3205. Is s(-7) a prime number?
False
Suppose -p + 2 + 0 = 0. Let o(q) = 15*q - 5036. Let d be o(0). Is (3/(-6))/(p/d) prime?
True
Suppose -5 - 64 = -3*m. Suppose 0 = -14*j + m*j. Suppose 0*a = -5*l + 4*a + 4781, 4*l - 4*a - 3828 = j. Is l a prime number?
True
Let w(o) = 3*o**2 - 352*o - 6729. Is w(-140) composite?
True
Suppose 2*v + 285897 = 3*z, 274*z - 278*z - 3*v + 381196 = 0. Is z composite?
True
Suppose -4*o - 5*t + 85 = 0, -2*t + t = -4*o + 79. Suppose 5*d - 2*j - 3057 = 0, 4*d - o*j - 2440 = -17*j. Is d a prime number?
True
Let h = -60 - -64. Let n(a) = 46*a**2 + 12*a - 15. Is n(h) a prime number?
True
Let g(l) = l - 1. Let y(z) = 103*z - 5. Let r(d) = -2*g(d) + y(d). Is r(2) a composite number?
False
Suppose 1345 = 3*w - 0*w - 2*y, 0 = -y - 5. Let q = w + -301. Let f = q - -89. Is f composite?
False
Let w(y) = y**3 - 66*y**2 + 50*y - 515. Is w(92) a composite number?
False
Suppose 5*j = 22 - 12. Suppose v - 2*n - 7429 = 0, 0*n + j*n = -3*v + 22279. Is v a prime number?
False
Let u = -230492 - -787579. Is u prime?
True
Let k be (1 + -18295)*32/(-96). Let c = -3363 + k. Is c prime?
False
Let y(k) = 1417*k - 1590. Is y(23) a prime number?
False
Suppose -3*r - 16*k = -11*k - 4463, 5*k = -2*r + 2977. Suppose 2*q = -b - 3*b - r, 5*b - 3*q = -1830. Let d = 895 + b. Is d a composite number?
True
Suppose 4*n - 3*q - 2*q = 346503, -3*q = -n + 86624. Is n prime?
True
Suppose -12*n + n + 55 = 0. Let b(s) = 603*s + 38. Is b(n) a prime number?
False
Let n = 377 - 824. Is (n/(-2))/((-6 - -11)/10) a composite number?
True
Suppose 2*a - 805 = -3*a. Let j(y) = 79*y - 3. Let n be j(-1). Let c = a + n. Is c a composite number?
False
Let k = -79 + 84. Suppose 2*w - 1378 = 3*h + 2292, -5503 = -3*w + k*h. Is w prime?
False
Let p = 27150 + 159156. Suppose -42*v + p + 234492 = 0. Is v composite?
True
Suppose -2*m = -2*b - 104, 2*b - 53 = m - 157. Let i be b*(0 + 0 - 60/15). Suppose 0 = -2*h - i + 1042. Is h a composite number?
True
Let g(t) = -7049*t + 1599. Is g(-8) composite?
False
Let u(t) = -t**3 - 4*t**2 + 2*t - 6. Let f be u(-5). Suppose f*i = 5010 + 6303. Is i prime?
False
Is (0 - (-415390)/(-75))*(-90)/12 a prime number?
True
Let j(w) = -2*w + 36. Let s be j(19). Let p(u) = u**2 - 2*u - 4. Let v be p(s). Suppose 3*y + 3*i - 211 - 194 = 0, 0 = -y + v*i + 115. Is y a composite number?
False
Is (82583/10)/(306/3060) composite?
True
Let g = 106 + -162. Let w = g - -56. Suppose -11*j + 18*j - 7707 = w. Is j a composite number?
True
Let w(p) = 392*p**2 + 8*p - 29. Let c(m) = -1960*m**2 - 40*m + 146. Let r(k) = 2*c(k) + 11*w(k). Is r(-5) composite?
False
Suppose 4 = 4*d, 13*d - 8*d = 3*w - 578788. Suppose -13*y + 12274 + w = 0. Suppose -y + 5123 = -6*i. Is i a composite number?
False
Suppose 9*j = -2*o + 4*j + 284, -693 = -5*o - 4*j. Let z = o + 180. Is z composite?
False
Suppose 21762902 - 6342414 = 30*t - 7469062. Is t a prime number?
False
Let x(y) = 823*y**2 - 2*y + 1. Let p be x(-2). Let s = 5693 - p. Let t = -502 + s. Is t composite?
True
Let y = -42 + 45. Suppose -y*w - w - 5*i - 1654 = 0, i = 2*w + 820. Let c = 1526 + w. Is c prime?
False
Suppose 186 = 4*j - j. Let d be (-1 - 62)*198/54. Let p = j - d. Is p prime?
True
Suppose 0 = -3*d - 30*g + 26*g + 239993, 3*d - 240014 = -g. Is d prime?
False
Suppose 77*l = 40086030 - 2135887. Is l a composite number?
True
Let b(d) = -d**2 + 4*d. Let q be b(3). Suppose q*c - 35 = -4*c. Suppose -c*j + 2*j + 1239 = 0. Is j a prime number?
False
Let d(i) = 29*i + 382. Let f be d(16). Suppose 3 = 3*b + 3*t - 0, -b + 19 = -5*t. Suppose b*q - f = -2*w, 3*q + 5*w = 4*q - 184. Is q a composite number?
True
Suppose -177*d + 57552 = -166*d. Suppose -59805 + d = -3*y. Is y composite?
False
Suppose 0 = k + 3*k - 2*d + 594, -k + 3*d - 151 = 0. Is 254*7/(-56)*k prime?
False
Let i(q) = -q**3 + 38*q**2 - 39*q + 74. Let g be i(37). Suppose 5*p - 2 + 22 = g, 0 = -2*x + p + 270. Is x prime?
False
Let k(r) = 82*r**2 + 2*r - 1. Suppose t = -3*t + 112. Let n be ((-2)/7)/((-4)/t). Is k(n) prime?
True
Let r(s) = -s**3 + 7*s**2 - s + 11. Let p be r(7). Is 197978/66 - p/6 prime?
True
Is 16/12 + (1 - 28400914/(-51)) composite?
False
Suppose 2*f - 13 = -y, -4 - 23 = -3*f - 3*y. Suppose 4*k = 5*h - 265, 3*h - 328 = f*k + k. Is (-2)/10 - 19058/k prime?
True
Suppose 19 - 49 = -5*d. Let t = 4314 - 2661. Suppose 9*n = d*n + t. Is n a composite number?
True
Let t(x) = -4*x**3 + 4*x**2 - 11*x - 3. Suppose 37*a = 38*a - 8. Let w be t(a). Let k = -890 - w. Is k composite?
True
Let w be -2 + 0*(-4)/(-20). Is (-109582)/(-77) - w/(-14) a composite number?
False
Let m = -399493 + 565286. Is m composite?
True
Suppose 8 = 28*h + 64. Is h*2/24 - 551019/(-126) a composite number?
False
Let q = -30 + 45. Let k(i) = 3*i**3 - 37*i**2 + 21*i - 14. Is k(q) a composite number?
True
Let c(w) = w**3 + 13*w**2 - 4*w - 17. Let y be c(-13). Let u = y + -36. Is 1531 + (0 - (-5 - u)) prime?
False
Suppose 0 = c + 6*c + 3*c. Let h = c - 18. Is 2 + 40/h - 325212/(-108) a composite number?
False
Let c be (-116)/145 + 42914/5. Suppose 3*r = 2545 + c. Is r composite?
False
Suppose 1 = -4*h - 2*o - 7, 4*h = 4*o + 16. Suppose 5*s - 5*w + 19 = 24, 21 = s + 4*w. Suppose h = -s*m - 5*m + 3370. Is m composite?
False
Is (324686 - 0)*10/(-45)*(-36)/16 a composite number?
False
Let c(a) = a**3 - 3*a**2 + 2*a - 1. Let p be c(4). Suppose 0 = -p*m + 20882 + 32455. Is m a composite number?
True
Let i = 23150 + -1437. Is i a composite number?
False
Suppose -2*f + 3*f - 2*i = 14, i - 15 = -5*f. Suppose -f*g = 7*g - 4609. Le